en 1430 is divided by 237?
8
Calculate the remainder when 161446 is divided by 5045.
6
Calculate the remainder when 93372 is divided by 249.
246
Calculate the remainder when 2041 is divided by 567.
340
What is the remainder when 2716 is divided by 450?
16
Calculate the remainder when 186071 is divided by 4327.
10
Calculate the remainder when 54691 is divided by 3905.
21
Calculate the remainder when 20793 is divided by 1063.
596
Calculate the remainder when 451553 is divided by 65.
63
Calculate the remainder when 638 is divided by 624.
14
What is the remainder when 19789 is divided by 96?
13
What is the remainder when 18889 is divided by 19?
3
Calculate the remainder when 9511 is divided by 559.
8
What is the remainder when 206931 is divided by 22?
21
What is the remainder when 2149 is divided by 534?
13
What is the remainder when 53928 is divided by 258?
6
What is the remainder when 30107 is divided by 1011?
788
Calculate the remainder when 358638 is divided by 179315.
8
Calculate the remainder when 7400 is divided by 1847.
12
What is the remainder when 30313 is divided by 235?
233
Calculate the remainder when 8046 is divided by 427.
360
What is the remainder when 24858 is divided by 713?
616
Calculate the remainder when 35538 is divided by 20.
18
What is the remainder when 81014 is divided by 20247?
26
What is the remainder when 47137 is divided by 637?
636
Calculate the remainder when 6517 is divided by 3231.
55
Calculate the remainder when 954 is divided by 946.
8
Calculate the remainder when 8660 is divided by 1216.
148
Calculate the remainder when 11438 is divided by 40.
38
What is the remainder when 34615 is divided by 1734?
1669
What is the remainder when 20056 is divided by 95?
11
What is the remainder when 7132 is divided by 1424?
12
Calculate the remainder when 600 is divided by 483.
117
What is the remainder when 19341 is divided by 879?
3
Calculate the remainder when 4389712 is divided by 686.
684
Calculate the remainder when 536 is divided by 235.
66
Calculate the remainder when 26889 is divided by 118.
103
What is the remainder when 60140 is divided by 4990?
260
Calculate the remainder when 1932071 is divided by 114.
113
Calculate the remainder when 21706 is divided by 92.
86
Calculate the remainder when 1556 is divided by 115.
61
Calculate the remainder when 1205 is divided by 18.
17
Calculate the remainder when 86170 is divided by 129.
127
What is the remainder when 1140959 is divided by 50?
9
What is the remainder when 4753 is divided by 56?
49
Calculate the remainder when 1075 is divided by 938.
137
Calculate the remainder when 2397 is divided by 172.
161
Calculate the remainder when 173215 is divided by 86605.
5
Calculate the remainder when 652726 is divided by 18131.
10
Calculate the remainder when 102478 is divided by 30.
28
Calculate the remainder when 187 is divided by 146.
41
What is the remainder when 796108 is divided by 479?
10
Calculate the remainder when 9644 is divided by 5.
4
What is the remainder when 16354 is divided by 5428?
70
Calculate the remainder when 24754 is divided by 4950.
4
What is the remainder when 9862 is divided by 3256?
94
What is the remainder when 35221 is divided by 277?
42
Calculate the remainder when 22354 is divided by 559.
553
What is the remainder when 71852 is divided by 277?
109
What is the remainder when 14078 is divided by 1139?
410
Calculate the remainder when 5803 is divided by 2880.
43
Calculate the remainder when 242649 is divided by 277.
274
Calculate the remainder when 318 is divided by 177.
141
What is the remainder when 138943 is divided by 416?
415
Calculate the remainder when 4818 is divided by 1184.
82
Calculate the remainder when 6999 is divided by 26.
5
Calculate the remainder when 70565 is divided by 40.
5
Calculate the remainder when 152837 is divided by 20.
17
Calculate the remainder when 4326 is divided by 1391.
153
What is the remainder when 7281 is divided by 155?
151
What is the remainder when 754 is divided by 213?
115
What is the remainder when 3844 is divided by 39?
22
What is the remainder when 506841 is divided by 39?
36
Calculate the remainder when 98 is divided by 19.
3
Calculate the remainder when 1419480 is divided by 73.
68
What is the remainder when 34219 is divided by 71?
68
Calculate the remainder when 7290 is divided by 1894.
1608
What is the remainder when 31438 is divided by 46?
20
Calculate the remainder when 994 is divided by 331.
1
Calculate the remainder when 27175 is divided by 123.
115
What is the remainder when 208791 is divided by 178?
175
What is the remainder when 5526 is divided by 2383?
760
Calculate the remainder when 16710 is divided by 930.
900
Calculate the remainder when 7379 is divided by 154.
141
Calculate the remainder when 3614 is divided by 197.
68
What is the remainder when 142005 is divided by 122?
119
Calculate the remainder when 102101 is divided by 22.
21
What is the remainder when 455 is divided by 392?
63
What is the remainder when 64439 is divided by 14?
11
What is the remainder when 9574 is divided by 2212?
726
What is the remainder when 5346 is divided by 784?
642
Calculate the remainder when 9908 is divided by 121.
107
Calculate the remainder when 75446 is divided by 1218.
1148
What is the remainder when 128900 is divided by 42963?
11
What is the remainder when 8029 is divided by 183?
160
Calculate the remainder when 251324 is divided by 82.
76
What is the remainder when 89160 is divided by 1897?
1
What is the remainder when 21937 is divided by 105?
97
Calculate the remainder when 918353 is divided by 459174.
5
What is the remainder when 601 is divided by 184?
49
Calculate the remainder when 10692 is divided by 5341.
10
What is the remainder when 68656 is divided by 17161?
12
Calculate the remainder when 6583 is divided by 6493.
90
What is the remainder when 26923 is divided by 13460?
3
Calculate the remainder when 7895 is divided by 41.
23
Calculate the remainder when 6970 is divided by 324.
166
Calculate the remainder when 84435 is divided by 836.
835
What is the remainder when 156 is divided by 34?
20
Calculate the remainder when 92764 is divided by 68.
12
What is the remainder when 1374 is divided by 440?
54
Calculate the remainder when 17152 is divided by 39.
31
What is the remainder when 11922 is divided by 1479?
90
Calculate the remainder when 253 is divided by 104.
45
Calculate the remainder when 77558 is divided by 20.
18
What is the remainder when 61394 is divided by 548?
18
Calculate the remainder when 8794 is divided by 275.
269
Calculate the remainder when 1396 is divided by 813.
583
What is the remainder when 17853 is divided by 2?
1
Calculate the remainder when 2094 is divided by 14.
8
What is the remainder when 45591 is divided by 41?
40
What is the remainder when 1605 is divided by 70?
65
Calculate the remainder when 35882 is divided by 355.
27
What is the remainder when 5973 is divided by 1635?
1068
Calculate the remainder when 8283 is divided by 181.
138
Calculate the remainder when 4297 is divided by 30.
7
What is the remainder when 5778 is divided by 1436?
34
What is the remainder when 57423 is divided by 98?
93
What is the remainder when 583 is divided by 158?
109
Calculate the remainder when 103676 is divided by 21.
20
Calculate the remainder when 6116 is divided by 2982.
152
Calculate the remainder when 61248 is divided by 250.
248
Calculate the remainder when 83325 is divided by 83.
76
What is the remainder when 172391 is divided by 66?
65
Calculate the remainder when 77053 is divided by 25670.
43
Calculate the remainder when 2230 is divided by 1468.
762
What is the remainder when 19194 is divided by 480?
474
Calculate the remainder when 41265 is divided by 41190.
75
Calculate the remainder when 1613 is divided by 1555.
58
What is the remainder when 1876 is divided by 1710?
166
Calculate the remainder when 255944 is divided by 570.
14
What is the remainder when 123584 is divided by 73?
68
What is the remainder when 487926 is divided by 145?
1
Calculate the remainder when 25820 is divided by 448.
284
Calculate the remainder when 57139 is divided by 1544.
11
Calculate the remainder when 47209 is divided by 148.
145
Calculate the remainder when 6951 is divided by 135.
66
Calculate the rema